at is the value of 48 + (-43 - -5) + 35 + -30?
15
45 - (139 + (100 - 83))
-111
Calculate 10 + ((-6 - -2) + -2 - 18 - (1 - -8)).
-23
Calculate (-35 - -102) + (-34 - (20 - 25)).
38
What is 1 - -7 - (-20 - (3 - (-3 + 15) - -7))?
26
Calculate 20 - 49 - (12 - 0) - (-1 + 3 - 2).
-41
Evaluate (3015 - 3000) + (-73 - 1) + 1 + 2.
-56
Calculate 41 + -22 + 8 + (8 - (-4 - -13)).
26
What is 13 + -1 + -75 + 28 + -37?
-72
What is (53 - (35 + -27)) + 29 - (14 + 1)?
59
Evaluate -27 + -42 + 39 + (6 - 19).
-43
Evaluate 42 + (-77 + 32 - -26) + 12.
35
1 + (0 - 4) + -4 - (-3 + (6 - 11))
1
-54 + 55 + 42 + 21
64
11 + (-2 + 1 - (-104 + 153))
-39
Calculate 16 + 28 + 13 + -32 + 53.
78
Calculate 2 + 13 + -11 + 18 + -24 - 61.
-63
What is the value of (-22 - (6 - (-9 + (3 - 15) + 29))) + 9?
-11
-147 + 140 - (3 + -1 + -24)
15
Evaluate -874 + 980 + -15 + 12.
103
Evaluate 70 + (32 + (3 - 26) - (0 - 2)).
81
What is the value of 11 - (58 - 82) - 77?
-42
What is (83 - (16 + -17)) + 27 + -40?
71
Calculate -30 + 0 + 1 - -23 - (14 + 0).
-20
What is the value of 34 - (-23 - (53 - 134))?
-24
Evaluate 114 + (4 - 14) + (41 - 69).
76
Evaluate 33 - 28 - (-1 - -7) - (158 - 159).
0
Evaluate -7 + 15 - (-4 + 9 + 4 + -6 + 111).
-106
What is -15 + (-25 + (-21 - -122) - 12)?
49
Evaluate -83 - (79 + -184 + -10).
32
What is -1 - 6 - (23 + (-83 - 0))?
53
Evaluate 42 + 0 + (-47 - -19 - -33) + (-6 - 3).
38
What is -1 + 29 - (77 + -67 + (-2 - 10))?
30
Calculate -1 + 84 + 1963 + -2025.
21
What is the value of 3 - 4 - (1 - 51) - (237 - 197 - 36)?
45
(-9 - 12) + 17 + -30
-34
Calculate 26 - 24 - (7 + -31) - 8.
18
Evaluate (-54 - -37 - -26) + (7 - 0).
16
-494 - -477 - (3 + -1 + -42)
23
What is the value of (-36 + -3 - -41) + -36?
-34
What is the value of (-6690 - -6692) + -68 + 2?
-64
Evaluate 4 + -3 - -1 - ((2 - (4 + -1)) + 4).
-1
Calculate 1 + -33 - (5171 - 5168).
-35
What is the value of -50 + 28 + 45 + (-6 - -2 - (-30 + 37))?
12
29 + (-3 - (-25 + 76)) - (0 - -9)
-34
What is (-77 + 64 - (1 + -40) - 0) + -16?
10
64 + (-16 - -5 - -22) + (-3 - 3)
69
What is the value of 33 - (34 + (-29 - -16)) - -10 - (3 - -1)?
18
What is (4 - -19) + -17 + 8 + -15 + -10?
-11
Calculate 97 + -157 - (6 + 4 + -10).
-60
What is the value of 11 - (23 + 0 + 0 + (821 - 821))?
-12
What is -31 + -26 + 20 + 54?
17
What is the value of 75 + (16 - (53 + -20 + 4))?
54
Calculate 20 + (-10 - 2 - (-96 - -137)).
-33
Calculate -8 - (15 + -29 + 22) - -22.
6
(-37 - ((-11 - -4) + 8)) + -5 + 19
-24
Evaluate -19 + (10 - (6 - (-27 + 21) - 56)).
35
Evaluate 12 + -6 + -68 + 147 - (1 + -21).
105
11 - (170 - 89 - (0 + -7) - -3)
-80
What is the value of 88 + (-40 - 20) - 18?
10
What is the value of -30 + 2 - (-2 - 13 - (-16 - (-37 - -39)))?
-31
Calculate 83 - (22 - 7) - 14 - (1 + -6).
59
What is the value of -12 - (-40 - ((2 - 12) + -19))?
-1
-63 + -6 + 18 + 6 + 12
-33
Calculate 2 + -6 + -3 + (8 - 35 - -32) - -22.
20
What is the value of -5 - (-4 + -14 - -9) - (54 + 0 + -14)?
-36
What is 38 + (28 - (58 + 4)) + 32?
36
-14 - ((7 - 19) + 5 + 0 + 12)
-19
(4 - 65) + (-1026 - -1129)
42
Evaluate -6 - 2 - (-45 + 36 + -2 + 32).
-29
Calculate 13571 + -13554 - ((1 - 2) + 33).
-15
What is 1918 + -2039 - (6 + -239)?
112
What is the value of (-16 - (-12 - (18 + -12))) + -19 - (0 + 10)?
-27
What is the value of -50 + 91 + -28 - -22?
35
What is (-1 - -1) + 41 + (-9 + 37 - -7 - 14)?
62
Evaluate (5 - -9) + (-31 - 26 - -10).
-33
What is the value of -6 + 24 + 86 + -35 - (-1 - -2)?
68
-72 - (46 + -104 - -34)
-48
Calculate (-49 - (-31 + 98)) + 123.
7
What is the value of 31 + -30 + -9 + (-4 - (4 + -5))?
-11
Calculate 25 - (0 - -5) - (-5795 + 5847).
-32
Calculate 46 - 7 - 63 - (7 + 4 - 10).
-25
What is (-4 - 38) + -158 + 218?
18
What is (-51 + 38 - 8) + -25?
-46
Calculate (-51 - 29) + 38 - -15.
-27
Evaluate -47 + 30 + (49 - -25) - (5 - 0).
52
3025 + -3037 - (-3 - (2 + 0 + 62))
55
What is -4 - ((-1 - -11) + -2 - ((-45 - -70) + -18))?
-5
What is the value of (1 - 0) + 17 + (-1839 - -1822)?
1
What is -3 + -85 - (104 + -157)?
-35
Evaluate (-9 - (-33 + 11 + -4 + 10)) + 39 + -8.
38
What is -64 - (6 - -154) - -108?
-116
Evaluate (-98 - (11 - 47)) + 15 + -41.
-88
Evaluate (0 - -4) + (5 - (48 + -2)) - (7 + -17).
-27
What is (15 + -37 - -1 - -27) + (0 - -26) + -5?
27
What is -2 - (-3 - -2) - (-31 + 39) - -38?
29
What is -32 + (-109 - -95) + (0 - -4)?
-42
What is 7 + (29 - 48 - -28) + 15?
31
Calculate 2 - 10 - 49 - (97 - 85).
-69
Calculate (109 + 136 - 116) + -19 + 3 + 1 + -1.
113
Evaluate -55 + (-27 - (-20 - 34)).
-28
Evaluate 8 - 7 - (-26 - -44) - (2 - 1).
-18
-46 - (-5 + 7) - (0 + -4 + 340 + -344)
-40
What is the value of (-30 - (30 + -4)) + (-8 - -38)?
-26
What is 2 + 0 + -28 + 0 + 2 + 4 + -10?
-30
Calculate -21 + 0 + 0 + (2113 - 2111) - 83.
-102
Evaluate -3 + 1 + -7 - (-50 + -10 + 56).
-5
11 - (-96 + (4 - -44) - 79)
138
Evaluate 45 - (27 + -66 + 118).
-34
What is 15 - (11 + -46 + 38 + 7 + 0)?
5
Calculate 4 - (23 + -62 + 24).
19
Calculate 35 + (0 - -1) + -1 - (14438 + -14462).
59
What is the value of (330 - 251) + -119 + (-77 - -1)?
-116
Evaluate -25 + 52 + -72 - -18.
-27
Evaluate (-153 - -166) + 6 + 6.
25
What is the value of -17 + 148 + -124 + 92 + 1?
100
Evaluate (0 + 16 - 68 - (6 + 0)) + 6 + 2.
-50
What is -335 - -329 - (-44 - -7)?
31
Evaluate -1446 + 1357 + (1 - -29).
-59
Calculate 11 + (-5 + -47 - -28) - (-1 + 30).
-42
What is 28 + (0 - 1) + (300 + 33 - 334)?
26
15 - (-10 + (-1 - -11) - 9)
24
What is (-10 - (-17 + -25)) + -24?
8
Calculate (-14 - -23 - (15 + -8 + -6)) + 53.
61
What is the value of 42 + (19 - 47) - (1 - (9 - -1)) - -7?
30
Evaluate (-9 - (27 - (15 + -2))) + (7 - 127).
-143
Calculate 13311 + -13378 - (-1 - 34).
-32
What is the value of 44 + (54 + (-30 - 15) - (6 - (3 + -4)))?
46
Calculate (6 - 9 - 5) + (35 - 24) - (1 - 8).
10
Evaluate -1496 - -1451 - (-2 + 0).
-43
13 - ((21 - -2) + -10 + 2)
-2
What is -9 + (35 - 28) + -4 - (2 + -106)?
98
Calculate -416 + 392 - (2 + 4) - (0 + -11).
-19
29 - (-5 + -12 + (48 - 92))
90
What is 76 + -141 - (-3 - (33 + -16))?
-45
Calculate -125 - 2 - (82 + -58 + 4 + -28 + -16).
-111
Calculate 58 + (-41 - -32) - 26 - 27.
-4
Calculate (622 - 616) + (-2 - (-1 + (-3 - -2))) + -9.
-3
Evaluate -321 - -321 - (-51 + 10).
41
Calculate -21 - (69 + -88 + 6).
-8
What is 131 + (26 - 65 - -1) + 2?
95
What is 23 + -418 + 377 - (0 - -85)?
-103
Calculate -22 + 45 + -22 - (-11 + -2 + 0 + -52).
66
What is the value of (30 + 4 - 27) + 1 + 10?
18
Calculate -19 - ((-25 - (-25 + 10)) + (-4 - -25)).
-30
What is -30 + -17 + 34 + 23?
10
-21 + (21 + (-10 - -9) - 7) - -127
119
Evaluate 39 + (1 - 2) + -17 + 11 + -8 + 3.
27
Evaluate 628 + -598 + 39 + 4 + -2.
71
Calculate 10 - (-12 + 11 - (-8 + -2) - -84).
-83
Calculate -3 + 0 - -68 - (-12 + -72 - -96).
53
14 + 1 + (-3 - -3) + (215 - 141) + -65
24
12 + 5 + 0 + 10 + -23
4
Calculate (21 - (10 - -9) - -68) + -2 - -6.
74
What is the value of 130 + 4 - (-652 - -790)?
-4
What is -244 + 140 - ((3 + 7 - 7) + -14 + -1)?
-92
Calculate (18 + -28 + 22 - -23) + (-6 - 1).
28
What is the value of (-10 - -14) + (10 - (-15 + -1))?
30
-92 + 15 + -48 + 3 + (-3 - -5 - 4)
-124
What is the value of 9 - (-24 - (5 + (-6 - -6) - 6) - 5)?
37
Calculate 3 - (-15 + 57 + -99 - (-11 + -1)).
48
Evaluate (13 - -1) + (114 - 173) + (11 - 23).
-57
What is -4 - (31 + 29 + -73 + 36)?
-27
Evaluate 3 + -6 + 4 + 11 + (41 - -3) + -3.
53
Calculate -37 + (0 - -2) + (-2449 - -2470).
-14
What is 7 + -3 - (-67 + 4 + 5 + -14)?
76
-25 + (-33 - -61) - 65
-62
Calculate 9 - (-1 - (8 + -7)) - -3 - (1 - 9).
22
Evaluate -2 + 8 + -3 + (0 - 10) + 32 + -14.
11
Calculate 5 - 2 - -3 - 1 - (1175 - 1170).
0
Evaluate 317 - 291 - (9 - (-4 - -63)).
76
Calculate -32 + -34 + 117 - (-4 - (-1 - 1)).
53
What is -6 + -79 + (22 - -120)?
57
What is the value of (-242 - -256) + 1 + 19 + 59?
93
Calculate (19 - (-1 - (0 - -3))) + -113 + 58.
-32
Evaluate (-2 - 1) + (4 + 8 - 9) - (21 - 27).
6
Calculate -85 + (693 + -712 - (-24 + -1)).
-79
(-109 - (-22 + -63)) + 22 + 2
0
Evaluate -14 - -37 - (-88 + 2 + -1 - 20).
130
Calculate -61 + 1 + ((-24 - 23) + 20 - -3 - -14).
-70
Evaluate -7 - ((-10 + 1 - -2 - -16) + -4 + 4).
-16
37 - (75 + -32) - (-4 - (-69 - -1))
-70
Evaluate -3 + (1 - -7) + -1 + 4 - (-127 + 132).
3
-84 + (1 - -3) - (-919 + 897)
-58
(27 - 1) + (77 - 130) + 72
45
Evaluate -62 - 0 